{"id":78,"date":"2017-09-02T20:54:51","date_gmt":"2017-09-02T18:54:51","guid":{"rendered":"http:\/\/asmsetri42.com\/?page_id=78"},"modified":"2025-09-21T18:39:40","modified_gmt":"2025-09-21T16:39:40","slug":"lieux-et-horaires","status":"publish","type":"page","link":"https:\/\/asmsetri42.com\/index.php\/lieux-et-horaires\/","title":{"rendered":"LIEUX ET HORAIRES"},"content":{"rendered":"\n<div class=\"wp-block-buttons is-content-justification-center is-layout-flex wp-container-core-buttons-is-layout-a89b3969 wp-block-buttons-is-layout-flex\">\n<div class=\"wp-block-button\"><a class=\"wp-block-button__link has-text-align-left wp-element-button\" href=\"https:\/\/asmsetri42.com\/wp-content\/uploads\/2025\/09\/Flyers-adultes-2025.pdf\">t\u00e9l\u00e9charger les horaires !<\/a><\/div>\n<\/div>\n\n\n\n<p><strong>Lundi <\/strong><\/p>\n\n\n\n<p><strong>15h\/16h<\/strong> : <strong>sport sant\u00e9<\/strong>&nbsp;: Stade Etivalli\u00e8re : Pierre Berlier<\/p>\n\n\n\n<p><strong>19h30\/20h40<\/strong> Natation Pierre Poty Adultes (2 lignes) : Meziane Chevigny<\/p>\n\n\n\n<p><strong>Mardi<\/strong><\/p>\n\n\n\n<p><strong>6H30\/7h45<\/strong>&nbsp;: <strong>Natation<\/strong> Raymond Sommet&nbsp;: 2 lignes&nbsp;: Adultes&nbsp;+ jeunes \u00ab&nbsp;Comp\u00e9tition&nbsp;\u00bb&nbsp;: Maurice Plasse<\/p>\n\n\n\n<p><strong>18h30\/19h45:<\/strong> <strong>C\u00e0p adultes<\/strong> Etivali\u00e8re : M\u00e9ziane Chevigny \/Priam Fechet\/Yves Gachon<br><br><strong>Mercredi<\/strong><\/p>\n\n\n\n<p><strong>14h15-16h15:<\/strong> accueil <strong>v\u00e9lo sport sant\u00e9<\/strong> avec les jeunes (stade de M\u00e9ons)<\/p>\n\n\n\n<p><strong>19h-20h PPG Adulte<\/strong>&nbsp;: Etivali\u00e8re : M\u00e9lanie Metra\/Constance Mosser\/Victor Guiot<\/p>\n\n\n\n<p><strong>19h40-20h40<\/strong>: <strong>Natation<\/strong> <strong>adultes<\/strong> Pierre Poty (1ligne) Ugo Raia<\/p>\n\n\n\n<p><strong>Jeudi<\/strong><\/p>\n\n\n\n<p><strong>6H30\/8h<\/strong>&nbsp;: <strong>Natation<\/strong> Raymond Sommet&nbsp;: 2 lignes&nbsp;: Adultes&nbsp;+ jeunes \u00ab&nbsp;Comp\u00e9tition&nbsp;\u00bb&nbsp;: M\u00e9ziane Chevigny<\/p>\n\n\n\n<p><strong>18h15\/19h30:<\/strong> <strong>C\u00e0p adultes<\/strong> Etivali\u00e8re Romain Lieux<\/p>\n\n\n\n<p><strong>19h40\/20h40: Natation<\/strong> Grouchy 3 lignes adultes + juniors Romain Lieux<\/p>\n\n\n\n<p><strong>Vendredi<\/strong><\/p>\n\n\n\n<p><strong>18h30-20h:<\/strong> Septembre \u00e0 Toussaint et Mars \u00e0 Juin <strong>v\u00e9lo jeunes et adultes d\u00e9butants <\/strong>(sorties courtes et technique)  parc de M\u00e9ons Th\u00e9o Perrin Zian Fl\u00e9chet<\/p>\n\n\n\n<p>Novembre \u00e0 F\u00e9vrier : <strong>PPG <\/strong>local Etivalli\u00e8re Th\u00e9o Perrin Zian Fl\u00e9chet<\/p>\n\n\n\n<p><strong>Samedi<\/strong><\/p>\n\n\n\n<p><strong>8h30-9h30:<\/strong> <strong>Natation<\/strong> Raymond Sommet 3 lignes<\/p>\n\n\n\n<p><strong>Dimanche<\/strong><\/p>\n\n\n\n<p><strong>matin:<\/strong> sortie v\u00e9lo route adultes courte\/longue avec Maxime Fontaine, M\u00e9lanie Metra, Yves Gachon, S\u00e9bastien Grange<\/p>\n\n\n\n<p><strong>Automne hiver:<\/strong> VTT avec Arthur Forissier et Maxime Fontaine<\/p>\n\n\n\n<p><\/p>\n\n\n\n<div data-wp-interactive=\"core\/file\" class=\"wp-block-file\"><object data-wp-bind--hidden=\"!state.hasPdfPreview\" hidden class=\"wp-block-file__embed\" data=\"https:\/\/asmsetri42.com\/wp-content\/uploads\/2025\/09\/Flyers-adultes-2025-1.pdf\" type=\"application\/pdf\" style=\"width:100%;height:600px\" aria-label=\"Contenu embarqu\u00e9 Flyers adultes 2025.\"><\/object><a id=\"wp-block-file--media-456badee-1b6b-414f-88a8-d107be1b7603\" href=\"https:\/\/asmsetri42.com\/wp-content\/uploads\/2025\/09\/Flyers-adultes-2025-1.pdf\">Flyers adultes 2025<\/a><a href=\"https:\/\/asmsetri42.com\/wp-content\/uploads\/2025\/09\/Flyers-adultes-2025-1.pdf\" class=\"wp-block-file__button wp-element-button\" download aria-describedby=\"wp-block-file--media-456badee-1b6b-414f-88a8-d107be1b7603\">T\u00e9l\u00e9charger<\/a><\/div>\n","protected":false},"excerpt":{"rendered":"<p>Lundi 15h\/16h : sport sant\u00e9&nbsp;: Stade Etivalli\u00e8re : Pierre Berlier 19h30\/20h40 Natation Pierre Poty Adultes (2 lignes) : Meziane Chevigny<\/p>\n","protected":false},"author":1,"featured_media":0,"parent":0,"menu_order":0,"comment_status":"closed","ping_status":"closed","template":"","meta":{"footnotes":""},"class_list":["post-78","page","type-page","status-publish","hentry"],"_links":{"self":[{"href":"https:\/\/asmsetri42.com\/index.php\/wp-json\/wp\/v2\/pages\/78","targetHints":{"allow":["GET"]}}],"collection":[{"href":"https:\/\/asmsetri42.com\/index.php\/wp-json\/wp\/v2\/pages"}],"about":[{"href":"https:\/\/asmsetri42.com\/index.php\/wp-json\/wp\/v2\/types\/page"}],"author":[{"embeddable":true,"href":"https:\/\/asmsetri42.com\/index.php\/wp-json\/wp\/v2\/users\/1"}],"replies":[{"embeddable":true,"href":"https:\/\/asmsetri42.com\/index.php\/wp-json\/wp\/v2\/comments?post=78"}],"version-history":[{"count":54,"href":"https:\/\/asmsetri42.com\/index.php\/wp-json\/wp\/v2\/pages\/78\/revisions"}],"predecessor-version":[{"id":2593,"href":"https:\/\/asmsetri42.com\/index.php\/wp-json\/wp\/v2\/pages\/78\/revisions\/2593"}],"wp:attachment":[{"href":"https:\/\/asmsetri42.com\/index.php\/wp-json\/wp\/v2\/media?parent=78"}],"curies":[{"name":"wp","href":"https:\/\/api.w.org\/{rel}","templated":true}]}}