{"id":323,"date":"2017-12-18T21:39:53","date_gmt":"2017-12-18T20:39:53","guid":{"rendered":"http:\/\/asmsetri42.com\/?page_id=323"},"modified":"2025-10-16T17:39:45","modified_gmt":"2025-10-16T15:39:45","slug":"resultatsaquathlon","status":"publish","type":"page","link":"https:\/\/asmsetri42.com\/index.php\/resultatsaquathlon\/","title":{"rendered":"R\u00e9sultats aquathlon"},"content":{"rendered":"\n\n\n<div class=\"wp-block-buttons is-content-justification-center is-layout-flex wp-container-core-buttons-is-layout-a89b3969 wp-block-buttons-is-layout-flex\">\n<div class=\"wp-block-button\"><a class=\"wp-block-button__link wp-element-button\" href=\"https:\/\/altichrono.fr\/resultats\/2025_aquathlon_stephanois\" target=\"_blank\" rel=\"noreferrer noopener\">R\u00e9sultats 2025 !<\/a><\/div>\n<\/div>\n\n\n\n<p><\/p>\n\n\n\n<div class=\"wp-block-buttons is-content-justification-center is-layout-flex wp-container-core-buttons-is-layout-a89b3969 wp-block-buttons-is-layout-flex\">\n<div class=\"wp-block-button\"><a class=\"wp-block-button__link wp-element-button\" href=\"https:\/\/altichrono.fr\/resultats\/2024_aquathlon_stephanois\" target=\"_blank\" rel=\"noreferrer noopener\">R\u00e9sultats 2024 !<\/a><\/div>\n<\/div>\n\n\n\n<details class=\"wp-block-details is-layout-flow wp-block-details-is-layout-flow\"><summary>Aquathlon st\u00e9phanois challenge Maud Lieux 2023<\/summary>\n<p><\/p>\n\n\n\n<figure class=\"wp-block-image\"><img loading=\"lazy\" decoding=\"async\" width=\"1414\" height=\"463\" src=\"https:\/\/asmsetri42.com\/wp-content\/uploads\/2023\/09\/image2.png\" alt=\"\" class=\"wp-image-1944\" srcset=\"https:\/\/asmsetri42.com\/wp-content\/uploads\/2023\/09\/image2.png 1414w, https:\/\/asmsetri42.com\/wp-content\/uploads\/2023\/09\/image2-300x98.png 300w, https:\/\/asmsetri42.com\/wp-content\/uploads\/2023\/09\/image2-1024x335.png 1024w, https:\/\/asmsetri42.com\/wp-content\/uploads\/2023\/09\/image2-768x251.png 768w\" sizes=\"auto, (max-width: 1414px) 100vw, 1414px\" \/><\/figure>\n\n\n\n<p><\/p>\n\n\n\n<div class=\"wp-block-buttons is-content-justification-center is-layout-flex wp-container-core-buttons-is-layout-a89b3969 wp-block-buttons-is-layout-flex\">\n<div class=\"wp-block-button\"><a class=\"wp-block-button__link wp-element-button\" href=\"https:\/\/altichrono.fr\/resultats\/2023_aqua_stephanois\">R\u00e9sultats 2023 !<\/a><\/div>\n<\/div>\n\n\n\n<p><\/p>\n<\/details>\n\n\n\n<div class=\"wp-block-group is-layout-constrained wp-block-group-is-layout-constrained\">\n<details class=\"wp-block-details is-layout-flow wp-block-details-is-layout-flow\"><summary>Aquathlon st\u00e9phanois challenge Maud Lieux 2020<\/summary>\n<p><img loading=\"lazy\" decoding=\"async\" width=\"300\" height=\"104\" src=\"https:\/\/asmsetri42.com\/wp-content\/uploads\/2020\/02\/logochronorace-300x104.png\" alt=\"\"><\/p>\n\n\n\n<p><a href=\"https:\/\/asmsetri42.com\/wp-content\/uploads\/2020\/03\/6-9-ANS.pdf\">2020 R\u00e9sultats jeunes 6 &#8211; 9 ans<\/a><\/p>\n\n\n\n<p><a href=\"https:\/\/asmsetri42.com\/wp-content\/uploads\/2020\/03\/10-11-ANS.pdf\">2020 R\u00e9sultats jeunes 10 &#8211; 11 ans<\/a><\/p>\n\n\n\n<p><a href=\"https:\/\/asmsetri42.com\/wp-content\/uploads\/2020\/03\/MINIMESBENJAMINS-1.pdf\">2020 R\u00e9sultats XS MINIMES BENJAMINS<\/a><\/p>\n\n\n\n<p><a href=\"https:\/\/asmsetri42.com\/wp-content\/uploads\/2020\/03\/CUMUL-IND-1.pdf\">2020 R\u00e9sultats XS individuels cumul (matin + apr\u00e8s midi)<\/a><\/p>\n\n\n\n<p><a href=\"https:\/\/asmsetri42.com\/wp-content\/uploads\/2020\/03\/CUMUL-RELAIS.pdf\">2020 R\u00e9sultats XS relais cumul (matin + apr\u00e8s midi)<\/a><\/p>\n\n\n\n<p><a href=\"https:\/\/asmsetri42.com\/wp-content\/uploads\/2020\/03\/FINAL-INDI.pdf\">2020 R\u00e9sultats d\u00e9taill\u00e9s de la finale XS INDIVIDUELS (apr\u00e8s midi)<\/a><\/p>\n\n\n\n<p><a href=\"https:\/\/asmsetri42.com\/wp-content\/uploads\/2020\/03\/FINAL-RELAIS.pdf\">2020 R\u00e9sultats d\u00e9taill\u00e9s de la finale XS RELAIS (apr\u00e8s midi)<\/a><\/p>\n\n\n\n<p><a href=\"https:\/\/asmsetri42.com\/wp-content\/uploads\/2020\/03\/XS-IND-MATIN.pdf\">2020 R\u00e9sultats d\u00e9taill\u00e9s des s\u00e9ries XS INDIVIDUELS s\u00e9ries (matin)<\/a><\/p>\n\n\n\n<p><a href=\"https:\/\/asmsetri42.com\/wp-content\/uploads\/2020\/03\/XS-RELAIS-MATIN.pdf\">2020 R\u00e9sultats d\u00e9taill\u00e9s des s\u00e9ries XS RELAIS s\u00e9ries (matin)<\/a><\/p>\n\n\n\n<h2 class=\"wp-block-heading\">Merci \u00e0 nos sponsors<\/h2>\n\n\n\n<div class=\"wp-block-group is-nowrap is-layout-flex wp-container-core-group-is-layout-6c531013 wp-block-group-is-layout-flex\">\n<figure class=\"wp-block-image\"><img loading=\"lazy\" decoding=\"async\" width=\"300\" height=\"244\" src=\"https:\/\/asmsetri42.com\/wp-content\/uploads\/2020\/03\/logo-cropped-logosemilia-300x244.png\" alt=\"\" class=\"wp-image-1141\" srcset=\"https:\/\/asmsetri42.com\/wp-content\/uploads\/2020\/03\/logo-cropped-logosemilia-300x244.png 300w, https:\/\/asmsetri42.com\/wp-content\/uploads\/2020\/03\/logo-cropped-logosemilia.png 683w\" sizes=\"auto, (max-width: 300px) 100vw, 300px\" \/><\/figure>\n\n\n\n<figure class=\"wp-block-image\"><img loading=\"lazy\" decoding=\"async\" width=\"300\" height=\"152\" src=\"https:\/\/asmsetri42.com\/wp-content\/uploads\/2020\/03\/logo-orthopedie-du-forez-300x152.png\" alt=\"\" class=\"wp-image-1142\" srcset=\"https:\/\/asmsetri42.com\/wp-content\/uploads\/2020\/03\/logo-orthopedie-du-forez-300x152.png 300w, https:\/\/asmsetri42.com\/wp-content\/uploads\/2020\/03\/logo-orthopedie-du-forez.png 316w\" sizes=\"auto, (max-width: 300px) 100vw, 300px\" \/><\/figure>\n\n\n\n<figure class=\"wp-block-image\"><img loading=\"lazy\" decoding=\"async\" width=\"300\" height=\"111\" src=\"https:\/\/asmsetri42.com\/wp-content\/uploads\/2020\/03\/logo-serealys-300x111.png\" alt=\"\" class=\"wp-image-1143\" srcset=\"https:\/\/asmsetri42.com\/wp-content\/uploads\/2020\/03\/logo-serealys-300x111.png 300w, https:\/\/asmsetri42.com\/wp-content\/uploads\/2020\/03\/logo-serealys.png 567w\" sizes=\"auto, (max-width: 300px) 100vw, 300px\" \/><\/figure>\n<\/div>\n\n\n\n<div class=\"wp-block-group is-nowrap is-layout-flex wp-container-core-group-is-layout-6c531013 wp-block-group-is-layout-flex\">\n<figure class=\"wp-block-image\"><img loading=\"lazy\" decoding=\"async\" width=\"225\" height=\"225\" src=\"https:\/\/asmsetri42.com\/wp-content\/uploads\/2020\/03\/logo-bigmat.jpg\" alt=\"\" class=\"wp-image-1145\" srcset=\"https:\/\/asmsetri42.com\/wp-content\/uploads\/2020\/03\/logo-bigmat.jpg 225w, https:\/\/asmsetri42.com\/wp-content\/uploads\/2020\/03\/logo-bigmat-150x150.jpg 150w\" sizes=\"auto, (max-width: 225px) 100vw, 225px\" \/><\/figure>\n\n\n\n<figure class=\"wp-block-image\"><img loading=\"lazy\" decoding=\"async\" width=\"300\" height=\"94\" src=\"https:\/\/asmsetri42.com\/wp-content\/uploads\/2020\/03\/logo-club-42-300x94.jpg\" alt=\"\" class=\"wp-image-1146\" srcset=\"https:\/\/asmsetri42.com\/wp-content\/uploads\/2020\/03\/logo-club-42-300x94.jpg 300w, https:\/\/asmsetri42.com\/wp-content\/uploads\/2020\/03\/logo-club-42-768x242.jpg 768w, https:\/\/asmsetri42.com\/wp-content\/uploads\/2020\/03\/logo-club-42.jpg 778w\" sizes=\"auto, (max-width: 300px) 100vw, 300px\" \/><\/figure>\n\n\n\n<figure class=\"wp-block-image\"><img loading=\"lazy\" decoding=\"async\" width=\"200\" height=\"161\" src=\"https:\/\/asmsetri42.com\/wp-content\/uploads\/2020\/03\/logo-ligue.jpg\" alt=\"\" class=\"wp-image-1147\"\/><\/figure>\n<\/div>\n\n\n\n<div class=\"wp-block-group is-nowrap is-layout-flex wp-container-core-group-is-layout-6c531013 wp-block-group-is-layout-flex\">\n<figure class=\"wp-block-image\"><img loading=\"lazy\" decoding=\"async\" width=\"225\" height=\"225\" src=\"https:\/\/asmsetri42.com\/wp-content\/uploads\/2020\/03\/logo-TDR.png\" alt=\"\" class=\"wp-image-1148\" srcset=\"https:\/\/asmsetri42.com\/wp-content\/uploads\/2020\/03\/logo-TDR.png 225w, https:\/\/asmsetri42.com\/wp-content\/uploads\/2020\/03\/logo-TDR-150x150.png 150w\" sizes=\"auto, (max-width: 225px) 100vw, 225px\" \/><\/figure>\n\n\n\n<figure class=\"wp-block-image\"><img loading=\"lazy\" decoding=\"async\" width=\"300\" height=\"203\" src=\"https:\/\/asmsetri42.com\/wp-content\/uploads\/2020\/03\/logo-ville-300x203.gif\" alt=\"\" class=\"wp-image-1149\"\/><\/figure>\n\n\n\n<h2 class=\"wp-block-heading\"><img loading=\"lazy\" decoding=\"async\" class=\"alignnone size-medium wp-image-1150\" src=\"https:\/\/asmsetri42.com\/wp-content\/uploads\/2020\/03\/IMG_3713-scaled-e1583360488576-300x225.jpg\" alt=\"\" width=\"300\" height=\"225\" srcset=\"https:\/\/asmsetri42.com\/wp-content\/uploads\/2020\/03\/IMG_3713-scaled-e1583360488576-300x225.jpg 300w, https:\/\/asmsetri42.com\/wp-content\/uploads\/2020\/03\/IMG_3713-scaled-e1583360488576-1024x768.jpg 1024w, https:\/\/asmsetri42.com\/wp-content\/uploads\/2020\/03\/IMG_3713-scaled-e1583360488576-768x576.jpg 768w, https:\/\/asmsetri42.com\/wp-content\/uploads\/2020\/03\/IMG_3713-scaled-e1583360488576-1536x1152.jpg 1536w, https:\/\/asmsetri42.com\/wp-content\/uploads\/2020\/03\/IMG_3713-scaled-e1583360488576-2048x1536.jpg 2048w\" sizes=\"auto, (max-width: 300px) 100vw, 300px\" \/><\/h2>\n<\/div>\n\n\n\n<h2 class=\"wp-block-heading\"><img loading=\"lazy\" decoding=\"async\" width=\"180\" height=\"180\" class=\"alignnone size-full wp-image-1154\" src=\"https:\/\/asmsetri42.com\/wp-content\/uploads\/2020\/03\/logo-cornand.png\" alt=\"\" srcset=\"https:\/\/asmsetri42.com\/wp-content\/uploads\/2020\/03\/logo-cornand.png 180w, https:\/\/asmsetri42.com\/wp-content\/uploads\/2020\/03\/logo-cornand-150x150.png 150w\" sizes=\"auto, (max-width: 180px) 100vw, 180px\" \/> <img loading=\"lazy\" decoding=\"async\" width=\"180\" height=\"180\" class=\"alignnone size-medium wp-image-1155\" src=\"https:\/\/asmsetri42.com\/wp-content\/uploads\/2020\/03\/logo-weiss.png\" alt=\"\" srcset=\"https:\/\/asmsetri42.com\/wp-content\/uploads\/2020\/03\/logo-weiss.png 180w, https:\/\/asmsetri42.com\/wp-content\/uploads\/2020\/03\/logo-weiss-150x150.png 150w\" sizes=\"auto, (max-width: 180px) 100vw, 180px\" \/><\/h2>\n<\/details>\n<\/div>\n\n\n\n<details class=\"wp-block-details is-layout-flow wp-block-details-is-layout-flow\"><summary>Aquathlon st\u00e9phanois challenge Maud Lieux 2019<\/summary>\n<p><a href=\"https:\/\/asmsetri42.com\/wp-content\/uploads\/2019\/03\/6-9-ANS.pdf\">2019 RESULTATS 6 9 ANS<\/a><\/p>\n\n\n\n<p><a href=\"https:\/\/asmsetri42.com\/wp-content\/uploads\/2019\/03\/6-9-ANS.pdf\">2019 RESULTATS<\/a><a href=\"https:\/\/asmsetri42.com\/wp-content\/uploads\/2019\/03\/10-11-ANS.pdf\">&nbsp;10 11 ANS<\/a><\/p>\n\n\n\n<p><a href=\"https:\/\/asmsetri42.com\/wp-content\/uploads\/2019\/03\/MINIMES-BENJAMINS.pdf\">2019 RESULTATS MINIMES BENJAMINS<\/a><\/p>\n\n\n\n<p><a href=\"https:\/\/asmsetri42.com\/wp-content\/uploads\/2019\/03\/XS-RELAIS-MATIN.pdf\">2019 RESULTATS XS RELAIS MATIN (temps interm\u00e9diaire)<\/a><\/p>\n\n\n\n<p><a href=\"https:\/\/asmsetri42.com\/wp-content\/uploads\/2019\/03\/CUMUL-XS-INDIVIDUEL.pdf\">2019 RESULTATS<\/a><a href=\"https:\/\/asmsetri42.com\/wp-content\/uploads\/2019\/03\/FINAL-XS-RELAIS.pdf\"> XS RELAIS APRES MIDI (temps interm\u00e9diaire)<\/a><\/p>\n\n\n\n<p><a href=\"https:\/\/asmsetri42.com\/wp-content\/uploads\/2019\/03\/CUMUL-XS-RELAIS.pdf\">2019 RESULTATS XS RELAIS CUMUL (matin + apr\u00e8s midi)<\/a><\/p>\n\n\n\n<p><a href=\"https:\/\/asmsetri42.com\/wp-content\/uploads\/2019\/03\/XS-IND-MATIN.pdf\">2019 RESULTATS XS INDIVIDUEL MATIN (temps interm\u00e9diaire)<\/a><\/p>\n\n\n\n<p><a href=\"https:\/\/asmsetri42.com\/wp-content\/uploads\/2019\/03\/FINAL-XS-INDIVIDUEL.pdf\">2019 RESULTATS XS INDIVIDUEL APRES MIDI (temps interm\u00e9diaire)<\/a><\/p>\n\n\n\n<p><a href=\"https:\/\/asmsetri42.com\/wp-content\/uploads\/2019\/03\/CUMUL-XS-INDIVIDUEL.pdf\">2019 RESULTATS XS INDIVIDUEL CUMUL (matin + apr\u00e8s midi)<\/a><\/p>\n<\/details>\n\n\n\n<details class=\"wp-block-details is-layout-flow wp-block-details-is-layout-flow\"><summary>Aquathlon st\u00e9phanois challenge Maud Lieux 2018<\/summary>\n<p><span><h2 role=\"document\" aria-multiline=\"true\" aria-label=\"Bloc\u00a0: Titre\" class=\"block-editor-rich-text__editable block-editor-block-list__block wp-block is-selected wp-block-heading rich-text\" id=\"block-9f2f59ba-3022-4482-9027-fd3d9a3bd47c\" data-block=\"9f2f59ba-3022-4482-9027-fd3d9a3bd47c\" data-type=\"core\/heading\" data-title=\"Titre\" contenteditable=\"true\" style=\"white-space: pre-wrap; min-width: 1px; transform-origin: center center 0px; transform: translate3d(0px, -1px, 0px);\"><span style=\"color: #ff0000;\"><a id=\"set-post-thumbnail\" class=\"thickbox\" aria-describedby=\"set-post-thumbnail-desc\" href=\"https:\/\/asmsetri42.com\/wp-admin\/media-upload.php?post_id=323&amp;type=image&amp;TB_iframe=1&amp;width=753&amp;height=782\"><img loading=\"lazy\" decoding=\"async\" width=\"343\" height=\"485\" class=\"attachment-266x266 alignright\" src=\"https:\/\/asmsetri42.com\/wp-content\/uploads\/2018\/01\/Affiche-aquathlon-2018-3-pdf.jpg\" alt=\"\"><\/a><\/span><\/h2><\/span><\/p>\n\n\n\n<p><a href=\"https:\/\/asmsetri42.com\/wp-content\/uploads\/2018\/03\/RESULTATS-6-9-ANS.pdf\">2018 RESULTATS 6 9 ANS<\/a><\/p>\n\n\n\n<p><a href=\"https:\/\/asmsetri42.com\/wp-content\/uploads\/2018\/03\/RESULTATS-10-13-ANS.pdf\">2018 RESULTATS 10 13 ANS<\/a><\/p>\n\n\n\n<p><a href=\"https:\/\/asmsetri42.com\/wp-content\/uploads\/2018\/03\/RESULTATS-MINIMES.pdf\">2018 RESULTATS MINIMES<\/a><\/p>\n\n\n\n<p><a href=\"https:\/\/asmsetri42.com\/wp-content\/uploads\/2018\/03\/RESULTATS-XS-RELAIS-MATIN-tps-interm\u00e9diaire.pdf\">2018 RESULTATS XS RELAIS MATIN (tps interm\u00e9diaire)<\/a><\/p>\n\n\n\n<p><a href=\"https:\/\/asmsetri42.com\/wp-content\/uploads\/2018\/03\/RESULTATS-XS-RELAIS-APRES-MIDI-tps-interm\u00e9diaire.pdf\">2018 RESULTATS XS RELAIS APRES MIDI (tps interm\u00e9diaire)<\/a><\/p>\n\n\n\n<p><a href=\"https:\/\/asmsetri42.com\/wp-content\/uploads\/2018\/03\/RESULTATS-XS-RELAIS-matin-apr\u00e8s-midi.pdf\">2018 RESULTATS XS RELAIS (matin + apr\u00e8s midi)<\/a><\/p>\n\n\n\n<p><a href=\"https:\/\/asmsetri42.com\/wp-content\/uploads\/2018\/03\/RESULTATS-XS-MATIN-tps-interm\u00e9diaire.pdf\">2018 RESULTATS XS MATIN (tps interm\u00e9diaire)<\/a><\/p>\n\n\n\n<p><a href=\"https:\/\/asmsetri42.com\/wp-content\/uploads\/2018\/03\/RESULTATS-XS-APRES-MIDI-tps-interm\u00e9diaire.pdf\">2018 RESULTATS XS APRES MIDI (tps interm\u00e9diaire)<\/a><\/p>\n\n\n\n<p><a href=\"https:\/\/asmsetri42.com\/wp-content\/uploads\/2018\/03\/RESULTATS-XS-INDIVIDUEL-matin-apr\u00e8s-midi.pdf\">2018 RESULTATS XS INDIVIDUEL (matin + apr\u00e8s midi)<\/a><\/p>\n<\/details>\n\n\n\n<details class=\"wp-block-details is-layout-flow wp-block-details-is-layout-flow\"><summary>Aquathlon st\u00e9phanois challenge Maud Lieux 2017<\/summary>\n<p><a href=\"https:\/\/asmsetri42.com\/wp-content\/uploads\/2018\/01\/R\u00e9sultat-aquathlon-2017-6-9-ans.pdf\">&nbsp;2017 6-9 ans<\/a><\/p>\n\n\n\n<p><a href=\"https:\/\/asmsetri42.com\/wp-content\/uploads\/2018\/01\/R\u00e9sultat-aquathlon-2017-10-13-ans.pdf\">&nbsp;2017 10-13 ans<\/a><\/p>\n\n\n\n<p><a href=\"https:\/\/asmsetri42.com\/wp-content\/uploads\/2018\/01\/R\u00e9sultat-aquathlon-2017-Minimes-F.pdf\">2017 Minimes F<\/a><\/p>\n\n\n\n<p><a href=\"https:\/\/asmsetri42.com\/wp-content\/uploads\/2018\/01\/R\u00e9sultat-aquathlon-2017-Minimes-M.pdf\">2017 Minimes M<\/a><\/p>\n\n\n\n<p><a href=\"https:\/\/asmsetri42.com\/wp-content\/uploads\/2018\/01\/R\u00e9sultat-aquathlon-2017-S-Qualif-Finale-Cadets.pdf\">2017 S Qualif + Finale cadets<\/a><\/p>\n\n\n\n<p><a href=\"https:\/\/asmsetri42.com\/wp-content\/uploads\/2018\/01\/R\u00e9sultat-aquathlon-2017-S-Qualif-Finale-Femmes.pdf\">2017 S Qualif + Finale femmes<\/a><\/p>\n\n\n\n<p><a href=\"https:\/\/asmsetri42.com\/wp-content\/uploads\/2018\/01\/R\u00e9sultat-aquathlon-2017-S-Qualif-Finale-A.pdf\">2017 S Qualif + Finale hommes<\/a><\/p>\n\n\n\n<p><a href=\"https:\/\/asmsetri42.com\/wp-content\/uploads\/2018\/01\/R\u00e9sultat-aquathlon-2017-S-Qualif-Finale-V\u00e9t\u00e9rans.pdf\">2017 S Qualif + Finale v\u00e9t\u00e9rans<\/a><\/p>\n\n\n\n<p><a href=\"https:\/\/asmsetri42.com\/wp-content\/uploads\/2018\/01\/R\u00e9sultat-aquathlon-2017-S-Qualif-Finale-Relais.pdf\">2017 S Qualif + Finale relais<\/a><\/p>\n<\/details>\n\n\n\n<details class=\"wp-block-details is-layout-flow wp-block-details-is-layout-flow\"><summary>Aquathlon st\u00e9phanois challenge Maud Lieux 2016<\/summary>\n<p><a href=\"https:\/\/asmsetri42.com\/wp-content\/uploads\/2018\/01\/6-9-ans.pdf\">2016 6-9 ans<\/a><\/p>\n\n\n\n<p><a href=\"https:\/\/asmsetri42.com\/wp-content\/uploads\/2018\/01\/10-13-ans.pdf\">2016 10-13 ans<\/a><\/p>\n\n\n\n<p><a href=\"https:\/\/asmsetri42.com\/wp-content\/uploads\/2018\/01\/Finale-Minimes-F.pdf\">2016 Finale minimes F<\/a><\/p>\n\n\n\n<p><a href=\"https:\/\/asmsetri42.com\/wp-content\/uploads\/2018\/01\/Finale-Minimes-M.pdf\">2016 Finale minimes M<\/a><\/p>\n\n\n\n<p><a href=\"https:\/\/asmsetri42.com\/wp-content\/uploads\/2018\/01\/XS-qualif-individuel.pdf\">2016 s\u00e9ries matin individuel<\/a><\/p>\n\n\n\n<p><a href=\"https:\/\/asmsetri42.com\/wp-content\/uploads\/2018\/01\/XS-qualif-relais.pdf\">2016 <\/a><a href=\"https:\/\/asmsetri42.com\/wp-content\/uploads\/2018\/01\/XS-qualif-relais.pdf\">s\u00e9ries matin relais<\/a><\/p>\n\n\n\n<p><a href=\"https:\/\/asmsetri42.com\/wp-content\/uploads\/2018\/01\/Finale-Femmes.pdf\">2016 Finale femmes<\/a><\/p>\n\n\n\n<p><a href=\"https:\/\/asmsetri42.com\/wp-content\/uploads\/2018\/01\/Finale-A.pdf\">2016 Finale A hommes<\/a><\/p>\n\n\n\n<p><a href=\"https:\/\/asmsetri42.com\/wp-content\/uploads\/2018\/01\/Finale-B-individuel.pdf\">2016 Finale B hommes<\/a><\/p>\n\n\n\n<p><a href=\"https:\/\/asmsetri42.com\/wp-content\/uploads\/2018\/01\/Finale-V\u00e9t\u00e9ran.pdf\">2016 Finale v\u00e9t\u00e9rans<\/a><\/p>\n\n\n\n<p><a href=\"https:\/\/asmsetri42.com\/wp-content\/uploads\/2018\/01\/Finale-Relais.pdf\">2016 Finale relais<\/a><\/p>\n<\/details>\n\n\n\n<details class=\"wp-block-details is-layout-flow wp-block-details-is-layout-flow\"><summary>Aquathlon st\u00e9phanois challenge Maud Lieux 2015<\/summary>\n<p><a href=\"https:\/\/asmsetri42.com\/wp-content\/uploads\/2018\/01\/resultats-jeunes-6-9.pdf\">2015 6-9 ans<\/a><\/p>\n\n\n\n<p><a href=\"https:\/\/asmsetri42.com\/wp-content\/uploads\/2018\/01\/resultats-jeunes-10-13-filles.pdf\">2015 10-13 ans filles<\/a><\/p>\n\n\n\n<p><a href=\"https:\/\/asmsetri42.com\/wp-content\/uploads\/2018\/01\/resultats-jeunes-10-13-gar\u00e7ons.pdf\">2015 10-13 ans gar\u00e7ons<\/a><\/p>\n\n\n\n<p><a href=\"https:\/\/asmsetri42.com\/wp-content\/uploads\/2018\/01\/resultats-XS-finale-minime-cadet.pdf\">2015 minimes-cadets<\/a><\/p>\n\n\n\n<p><a href=\"https:\/\/asmsetri42.com\/wp-content\/uploads\/2018\/01\/resultats-XS-finale-femme.pdf\">2015 femmes<\/a><\/p>\n\n\n\n<p><a href=\"https:\/\/asmsetri42.com\/wp-content\/uploads\/2018\/01\/resultats-XS-finale-homme.pdf\">2015 hommes<\/a><\/p>\n\n\n\n<p><a href=\"https:\/\/asmsetri42.com\/wp-content\/uploads\/2018\/01\/resultats-XS-finale-v\u00e9t\u00e9ran.pdf\">2015 v\u00e9t\u00e9rans<\/a><\/p>\n\n\n\n<p><a href=\"https:\/\/asmsetri42.com\/wp-content\/uploads\/2018\/01\/resultats-XS-finale-\u00e9quipe.pdf\">2015 relais<\/a><\/p>\n<\/details>\n\n\n\n<details class=\"wp-block-details is-layout-flow wp-block-details-is-layout-flow\"><summary>Aquathlon st\u00e9phanois challenge Maud Lieux 2013<\/summary>\n<p> <p><a href=\"https:\/\/asmsetri42.com\/wp-content\/uploads\/2018\/01\/R\u00e9sultats-jeunes-6-9-ans-2013.pdf\">R\u00e9sultats jeunes 6-9 ans 2013<\/a><\/p><p><a href=\"https:\/\/asmsetri42.com\/wp-content\/uploads\/2018\/01\/R\u00e9sultats-jeunes-10-13-ans-2013.pdf\">R\u00e9sultats jeunes 10-13 ans 2013<\/a><\/p><p><a href=\"https:\/\/asmsetri42.com\/wp-content\/uploads\/2018\/01\/R\u00e9sultats-distance-assimil\u00e9e-XS-minimes-cadets-gar\u00e7ons-2013.pdf\">R\u00e9sultats distance assimil\u00e9e S minimes-cadets gar\u00e7ons 2013<\/a><\/p><p><a href=\"https:\/\/asmsetri42.com\/wp-content\/uploads\/2018\/01\/R\u00e9sultats-distance-assimil\u00e9e-XS-filles-2013.pdf\">R\u00e9sultats distance assimil\u00e9e S filles 2013<\/a><\/p><p><a href=\"https:\/\/asmsetri42.com\/wp-content\/uploads\/2018\/01\/R\u00e9sultats-distance-assimil\u00e9e-XS-hommes-2013.pdf\">R\u00e9sultats distance assimil\u00e9e S hommes 2013<\/a><\/p><\/p>\n<\/details>\n\n\n\n<h2 class=\"wp-block-heading\"><span style=\"color: #000000;\"><\/span><\/h2>\n","protected":false},"excerpt":{"rendered":"","protected":false},"author":3,"featured_media":0,"parent":0,"menu_order":0,"comment_status":"closed","ping_status":"closed","template":"","meta":{"footnotes":""},"class_list":["post-323","page","type-page","status-publish","hentry"],"_links":{"self":[{"href":"https:\/\/asmsetri42.com\/index.php\/wp-json\/wp\/v2\/pages\/323","targetHints":{"allow":["GET"]}}],"collection":[{"href":"https:\/\/asmsetri42.com\/index.php\/wp-json\/wp\/v2\/pages"}],"about":[{"href":"https:\/\/asmsetri42.com\/index.php\/wp-json\/wp\/v2\/types\/page"}],"author":[{"embeddable":true,"href":"https:\/\/asmsetri42.com\/index.php\/wp-json\/wp\/v2\/users\/3"}],"replies":[{"embeddable":true,"href":"https:\/\/asmsetri42.com\/index.php\/wp-json\/wp\/v2\/comments?post=323"}],"version-history":[{"count":26,"href":"https:\/\/asmsetri42.com\/index.php\/wp-json\/wp\/v2\/pages\/323\/revisions"}],"predecessor-version":[{"id":2604,"href":"https:\/\/asmsetri42.com\/index.php\/wp-json\/wp\/v2\/pages\/323\/revisions\/2604"}],"wp:attachment":[{"href":"https:\/\/asmsetri42.com\/index.php\/wp-json\/wp\/v2\/media?parent=323"}],"curies":[{"name":"wp","href":"https:\/\/api.w.org\/{rel}","templated":true}]}}